onvert -1438412 (base 9) to base 12.
-32323b
1110010101010111101 (base 2) to base 9
785261
What is -4134011 (base 6) in base 8?
-604767
21123231301 (base 4) to base 3
11122122001211
What is -111010101000101000 (base 2) in base 14?
-6374c
-5640763 (base 12) to base 13
-355c527
-62585 (base 10) to base 13
-22643
Convert 294056 (base 12) to base 7.
5606232
What is 25c96 (base 15) in base 7?
1012446
Convert -101000100011011111001101 (base 2) to base 14.
-15aa457
What is -304113244 (base 6) in base 2?
-10011111110001001011100
Convert 48e0 (base 15) to base 14.
591c
Convert -1100101000100110110 (base 2) to base 16.
-65136
What is -743324 (base 8) in base 3?
-110120111222
Convert -1011011101100101011 (base 2) to base 3.
-201002012221
Convert -20002220000220 (base 3) to base 14.
-606aba
Convert -100524354 (base 6) to base 15.
-2403b4
What is 253270 (base 9) in base 15?
30660
What is 102320211 (base 4) in base 8?
227045
What is -10112222000101 (base 3) in base 11?
-1080136
What is -1011000100111001011110 (base 2) in base 14?
-558274
What is -166865 (base 9) in base 6?
-2115052
-108802 (base 12) to base 7
-2146061
Convert -2662243 (base 8) to base 7.
-6226564
What is 1100001101111011100 (base 2) in base 9?
670151
21b602 (base 12) to base 9
1010332
-48a09 (base 13) to base 8
-404617
Convert -1324711 (base 11) to base 2.
-1000101111001000000011
What is 10001001011100001101000 (base 2) in base 8?
21134150
What is 2222212122 (base 3) in base 11?
40329
-123442302 (base 6) to base 10
-2416286
Convert 174629 (base 10) to base 12.
85085
What is 2967 (base 12) in base 6?
34211
What is 124321511 (base 6) in base 2?
1001010110101111010011
22dc1 (base 16) to base 5
14032120
Convert -1610106 (base 7) to base 6.
-4422523
Convert -86789 (base 10) to base 9.
-142042
Convert -522703 (base 9) to base 10.
-310395
What is -121622 (base 11) in base 7?
-1430655
What is -4a497 (base 14) in base 12?
-89405
-85826 (base 12) to base 6
-3433250
What is 20212112111200 (base 3) in base 12?
1281476
-8b7b1a (base 13) to base 15
-453486
323243143 (base 5) to base 16
151eed
What is -87bb82 (base 12) in base 5?
-1023001443
Convert 6014215 (base 11) to base 6.
1020131353
What is 1236625 (base 8) in base 11?
215043
What is -14e1f (base 16) in base 9?
-140288
What is -5222543 (base 6) in base 15?
-4ea43
-111000110111110100 (base 2) to base 3
-102211112201
Convert -2433011 (base 6) to base 8.
-373677
What is -1262022 (base 10) in base 5?
-310341042
-1013001010300 (base 4) to base 13
-3b1a870
Convert 213588 (base 9) to base 11.
87736
Convert 135446 (base 10) to base 4.
201010112
What is 2001210212002 (base 3) in base 7?
12223421
What is 2202002011 (base 3) in base 2?
1101001011110100
What is -7b1009 (base 13) in base 3?
-12111010012211
What is 1211100020220 (base 3) in base 2?
11101101000111001110
Convert -a5247 (base 14) to base 10.
-398335
What is -16ad9a (base 15) in base 9?
-2055751
What is 10454634 (base 8) in base 11?
12a8373
-98420 (base 14) to base 7
-3063240
What is -97b448 (base 13) in base 15?
-4a6ae7
What is -12100010121 (base 3) in base 12?
-50981
Convert -311133030 (base 4) to base 3.
-102010112020
Convert 145012450 (base 6) to base 14.
58dc50
Convert 24521124 (base 7) to base 3.
11011010100010
Convert a92951 (base 12) to base 6.
133234141
-668a0a7 (base 11) to base 12
-3b16017
What is -395559 (base 10) in base 8?
-1404447
16c88 (base 13) to base 6
535055
210 (base 11) to base 9
311
515417 (base 9) to base 16
4aa7f
-214b0 (base 12) to base 15
-d023
What is -4032013044 (base 5) in base 14?
-1104421
What is -6a33dc (base 15) in base 14?
-960d35
Convert -5aa7b6 (base 12) to base 9.
-2680343
Convert -127e96 (base 16) to base 12.
-4a5506
Convert 101100100011100010011 (base 2) to base 11.
907a01
131200465 (base 7) to base 2
11111111111100101111000
277590 (base 10) to base 9
462703
Convert -2d0b8 (base 16) to base 15.
-39a04
-4236 (base 8) to base 4
-202132
230222122 (base 4) to base 10
182938
What is -1205540535 (base 6) in base 13?
-2ac2498
What is -1127885 (base 10) in base 9?
-2108145
Convert e7b44 (base 16) to base 2.
11100111101101000100
Convert 101404 (base 6) to base 8.
17714
What is 80841 (base 12) in base 14?
44c6d
-2041201 (base 9) to base 14
-205346
380763c (base 13) to base 14
2469863
Convert 859437 (base 10) to base 15.
11e9ac
436915 (base 11) to base 9
1272356
Convert -1124234331 (base 5) to base 11.
-14a687a
1010000110110101000 (base 2) to base 14
88996
1024032 (base 7) to base 6
2353210
What is 37536766 (base 8) in base 7?
130413141
220120302 (base 4) to base 8
503062
-56dd9 (base 14) to base 13
-75227
Convert 9b7b13 (base 12) to base 6.
125103223
Convert -393248 (base 10) to base 6.
-12232332
-32b0 (base 13) to base 15
-2167
Convert -33036133 (base 7) to base 13.
-7825a2
120032210 (base 4) to base 10
99236
-201221102100201 (base 3) to base 6
-1015051331
Convert -97391 (base 14) to base 10.
-365667
What is -5660b19 (base 12) in base 16?
-fc8445
Convert 145b580 (base 12) to base 3.
21201112202020
What is 421566 (base 10) in base 9?
712246
What is 24526237 (base 9) in base 3?
211120220021021
-4001200431 (base 5) to base 14
-107d1c7
What is 1222112210002 (base 3) in base 12?
429b32
Convert 6355127 (base 8) to base 9.
3162120
-60c0c3 (base 15) to base 7
-54034065
100020122220 (base 3) to base 8
543364
What is 24320034 (base 7) in base 2?
1000010010100000000010
6428d (base 14) to base 11
1558a0
Convert -22000011211002 (base 3) to base 16.
-40ed40
99490 (base 10) to base 6
2044334
1360043 (base 10) to base 5
322010133
What is 8a2589 (base 11) in base 8?
5370746
222110255 (base 6) to base 8
17256533
What is 152418 (base 9) in base 8?
266725
a3ee16 (base 15) to base 4
131233111032
Convert 7a3040 (base 12) to base 16.
1dd270
-16255361 (base 7) to base 15
-2123ab
-b52221 (base 13) to base 10
-4231787
What is -2212212212222 (base 3) in base 12?
-61b1a5
Convert -101001001000010100111 (base 2) to base 11.
-840649
What is -25a9438 (base 12) in base 5?
-3401032120
Convert -12183 (base 16) to base 15.
-16e60
What is -3381444 (base 11) in base 5?
-3003314302
6735626 (base 8) to base 7
21306550
What is 609e7 (base 15) in base 16?
4ab48
4772484 (base 9) to base 10
2586892
10001000001001000 (base 2) to base 15
159be
Convert 525321 (base 7) to base 6.
1535550
-23110213 (base 4) to base 6
-554411
Convert -3d6d7 (base 16) to base 10.
-251607
Convert -155ba5 (base 13) to base 11.
-330001
-24000004 (base 5) to base 9
-363060
Convert -22e01 (base 16) to base 7.
-1133320
What is 43221034 (base 6) in base 7?
13602136
What is 9ab4b7 (base 13) in base 4?
31323222100
Convert -b8380 (base 13) to base 5.
-41113413
What is -476037 (base 10) in base 15?
-960ac
Convert 5302211 (base 6) to base 16.
3ec5f
102531660 (base 7) to base 14
b481a0
Convert -3104314014 (base 5) to base 15.
-84d73e
Convert -ba4b56 (base 12) to base 4.
-23100331302
What is -3637871 (base 9) in base 2?
-111100001111101100011
-60004 (base 14) to base 8
-702144
Convert -10001010110100111101 (base 2) to base 11.
-359253
31210232 (base 5) to base 6
5301314
-5613549 (base 10) to base 3
-101120012100020
86428 (base 13) to base 2
111011001011001100
What is 18874081 (base 9) in base 2?
100100011100111101011101
What is -733505 (base 8) in base 11?
-156a67
Convert -6487406 (base 9) to base 13.
-94c30b
-11465364 (base 9) to base 10
-5593918
What is 242544042 (base 6) in base 3?
22200120122222
Convert -28813 (base 11) to base 5.
-2302122
2d0028 (base 15) to base 14
40949b
-343113330 (base 5) to base 11
-959688
Convert -2121111112 (base 3) to base 11.
-35683
105179 (base 12) to base 6
5305033
1111100001101011001000 (base 2) to base 11
232aa10
-7533027 (base 8) to base 12
-810907
What is -1100001100000101001 (base 2) in base 12?
-173175
What is 1cd53 (base 14) in base 3?
10202110110
What is 1003300314 (base 5) in base 10?
2009459
Convert -19a73 (base 15) to base 5.
-10131413
What is -2403511 (base 8) in base 7?
-5405052
Convert -a60248 (base 11) to base 12.
-69b022
What is -32ecd (base 15) in base 7?
-1243132
What is -249a9 (base 16) in base 15?
-2e654
Convert 752074 (base 12) to base 9.
3427367
What is -10011100101101011000101 (base 2) in base 10?
-5135045
Convert 1677456 (base 10) to base 2.
110011001100010010000
Convert 851c12 (base 16) t